- 3*o + t = 0, 6*w - 2*o - 101 = w. Calculate the remainder when w is divided by 5.
4
Suppose 20*l - 16*l - 56 = 0. Calculate the remainder when 26 is divided by l.
12
Suppose 0 = y + 4*y - 10. Let n(d) = d**3 - d**2 + d + 2. What is the remainder when 31 is divided by n(y)?
7
Let z = 107 + -87. What is the remainder when 36 is divided by z?
16
Suppose -w = -5*w + 12. What is the remainder when 9 is divided by w?
0
Suppose 0 = -2*r + 5*r - 3*t - 261, -4*r + 324 = 2*t. Let s(c) = c**2 - 6*c + 12. Calculate the remainder when r is divided by s(8).
27
Suppose 55 = -5*n - 5*c - 25, -4*n = -5*c + 37. Let m = 20 + n. Let i = 12 + -9. Calculate the remainder when m is divided by i.
1
Let h be 3 + 4*(-1)/(-2). Suppose -4*f - h*y + 141 = 0, 4*y - 106 = -0*f - 3*f. What is the remainder when f is divided by 18?
16
Let f = 17 + -11. Let i = 16 - 12. Calculate the remainder when f is divided by i.
2
Suppose -j + 3*c = -19, -j - c - 2*c + 37 = 0. Calculate the remainder when 111 is divided by j.
27
Let x be 6*(0 + 2) + -2. Suppose 3*c - 42 - 27 = 0. Let u = c - x. Calculate the remainder when 25 is divided by u.
12
Suppose 2*m + m = 0. Let x = m - -12. Calculate the remainder when 428/12 - 4/6 is divided by x.
11
Suppose 8 = -0*d + 4*d. What is the remainder when (35/(-14))/(2/(-4)) is divided by d?
1
Suppose -5*b - 50 = -y, -2*y - 2*b + 41 = 1. Suppose -y = -3*i - 2*s + 10, -5 = -i + s. Calculate the remainder when 25 is divided by i.
7
Let o(q) = 2*q**2 + 16*q + 13. Let u(t) = t**2 - 4*t - 3. Calculate the remainder when o(-10) is divided by u(-3).
17
Suppose -5*u + 95 = 5*v, -3*v + 3*u + 27 = -0*v. What is the remainder when 41 is divided by v?
13
What is the remainder when (6 - 1)*(7 + -2) is divided by (-1 - 26/(-8))*4?
7
Suppose 2*s - 490 = -5*l, -l = -5*s + 820 + 459. Calculate the remainder when s is divided by 16.
15
Suppose -196 = -4*l - 3*z, -98 = -2*l - 2*z - z. Let a(g) = -g**2 - 6*g + 5. Calculate the remainder when l is divided by a(-4).
10
Suppose -x - 3*x = -100. What is the remainder when 74 is divided by x?
24
Suppose -4*u + 30 = 2*b, 3*u = 5*b - 20 - 16. Calculate the remainder when 53 is divided by b.
8
Suppose 4*u - 94 = 374. What is the remainder when 24 is divided by (u/(-18))/((-1)/2)?
11
Let k(r) = -r**3 + 7*r**2 + 11. What is the remainder when -1 + 2 + -2 - -21 is divided by k(7)?
9
Suppose 2*u - 412 = -2*f, 0 = -0*f + 5*f - 3*u - 998. Suppose -f = -5*b + 73. Calculate the remainder when b is divided by 19.
17
Let n(w) = w + 1. Let q(s) = -4*s - 4. Let x(y) = -5*n(y) - q(y). Let l be x(-5). Suppose -l*u + 0*u = -72. Calculate the remainder when 35 is divided by u.
17
Let s be ((-33)/(-9))/(2/6). Let z = s + -4. Suppose z*j - 10 = 2*j. Calculate the remainder when 4 is divided by j.
0
Suppose -3 - 1 = -2*w. Let j(k) = -5*k**2 + k**2 + 2*k**2 - 3*k + 0*k**w + 3*k**3 + 3. Calculate the remainder when 24 is divided by j(2).
11
Let g be 17/(0/(-2) + 1). Suppose 2*u = 3*u - 3. Suppose g = -2*k + u*n + 69, 0 = -4*k + 2*n + 96. What is the remainder when k is divided by 12?
11
Let x = 21 - 12. Let m(h) = h - 3 - 2*h - 3*h. What is the remainder when m(-5) is divided by x?
8
Suppose 3*i + 24 = 3*x, 3*x + 2*i = -x + 38. Calculate the remainder when x is divided by 2.
1
Suppose 0 = 4*c - 30 - 2. Suppose -2*y = 2*y - 20. Calculate the remainder when c is divided by (-4)/(-1)*y/4.
3
Let d(x) = 3*x**3 + 2*x**2 - 1. What is the remainder when d(2) is divided by 11/((-3)/(1 + -4))?
9
Let k(a) = -a**2 + 10*a - 2. What is the remainder when 44 is divided by k(5)?
21
Suppose 3*a + 20 = x + 5*a, 0 = 2*x - 2*a - 28. Calculate the remainder when 26 is divided by x.
10
Suppose -9 = 3*i, -15 = -5*b - 3*i + 61. Calculate the remainder when 63 is divided by b.
12
Suppose w + 3*y = -1, 3*w - w + 2*y - 2 = 0. Suppose -w*p = -9 - 11. Calculate the remainder when p is divided by 6.
4
Let k = -1 + 45. What is the remainder when 86 is divided by k?
42
Let a(r) = -56*r + 3. Calculate the remainder when a(-1) is divided by 20.
19
Suppose -3*d - 4*z + 163 = 0, -4*d + z = -d - 173. What is the remainder when d is divided by 21?
15
Let z(u) = u**3 + u**2 + 4. Let h be z(0). What is the remainder when 14 is divided by -8*2/(h/(-2))?
6
Suppose -44 = -4*c - 4. Let u = 7 - -11. Calculate the remainder when u is divided by c.
8
Let o(p) = -13*p**3 + p**2 + 5*p - 2. What is the remainder when o(-2) is divided by 25?
21
Let s(g) = -g - 5. Let l be s(-10). Calculate the remainder when ((-6)/4)/(l/(-210)) is divided by 16.
15
Let m = 18 - 15. Calculate the remainder when 26 is divided by ((-4)/(-20) - m)*-5.
12
Suppose 0 = 3*n - 154 - 47. Calculate the remainder when n is divided by 34.
33
Let r = -14 + 30. What is the remainder when r is divided by 6?
4
Suppose 6*q = 8*q - 138. What is the remainder when q is divided by 18?
15
Let z(f) = f - 2. Let i be z(3). Let a = i + 1. Suppose 9 = a*q - m, 12 = m - 5*m. Calculate the remainder when 4 is divided by q.
1
Suppose a + 41 = 2*c, -a + 87 = 5*c - 33. What is the remainder when c is divided by 12?
11
Let a(j) = -j**3 + 7*j**2 + 8*j + 7. Suppose 0 = -5*w - 0*w - 2*p + 30, -p = 4*w - 27. Calculate the remainder when 20 is divided by a(w).
6
Let d be 9/1 + (5 - 4). Let j = d + -3. Suppose -i + 7 = -j. Calculate the remainder when 41 is divided by i.
13
Let k(o) = -14*o. What is the remainder when k(-4) is divided by 15?
11
What is the remainder when 20 is divided by 8/4 + 8 + -3?
6
Let x be (-1 - 2/(-1))*-2. Calculate the remainder when 49 is divided by 2 - 1 - (-14 - x).
10
Suppose -3*o + 47 = -j, -5*j + 40 = 4*o - 48. Let p(t) = t**2 - 4*t - 6. Let y be (29 - 1)/4 + -1. Calculate the remainder when o is divided by p(y).
5
Let u(r) = 2*r + 1. What is the remainder when 2 + -2 + (-3 - -53) is divided by u(6)?
11
Suppose -3*c + 2*q = -33, -2*q - 9 = -c + 6. Calculate the remainder when 15 is divided by c.
6
Calculate the remainder when 52 is divided by (6 + -2)*-1 - -18.
10
Let d be (-15)/9*(-9)/3. What is the remainder when 15 is divided by (-1)/d + (-41)/(-5)?
7
Let d(u) = 2*u - 1. Let p be d(3). Let i = p - -9. Calculate the remainder when 39 is divided by i.
11
Let d = -6 + 0. What is the remainder when 32 is divided by 4/d + 35/3?
10
Let u = -36 - -73. What is the remainder when u is divided by -26*3*2/(-12)?
11
Suppose 2*k - 4 = -0. Suppose 4*a - 19 = 3*u, 5*u + 22 - k = 5*a. Calculate the remainder when a is divided by 3.
1
Let d(q) = -5*q - 8. Suppose -3*h + 10 = -5. What is the remainder when d(-3) is divided by h?
2
Suppose 0 = 4*d - 10 - 6. Let p = d + 0. What is the remainder when 17 is divided by p?
1
What is the remainder when 9 is divided by (-48)/(-9) - (-4)/(-12)?
4
Let q = -32 - -51. Suppose 0 = -0*v - 3*v + 21. Calculate the remainder when q is divided by v.
5
Let p(y) = y**3 - 7*y**2 + 6*y + 7. Let h(z) = -z**3 - 13*z**2 - 12*z + 18. What is the remainder when h(-12) is divided by p(6)?
4
Let f = -295 + 472. Calculate the remainder when f is divided by 12.
9
Suppose 0 = -o + 6*o - 20. Suppose -w + o = -0*w. Calculate the remainder when 10 is divided by w.
2
Suppose -5*h + 142 = -d, -3*h + 48 + 27 = -4*d. Calculate the remainder when h is divided by 10.
9
Suppose -4*i + 2*i + 30 = -5*g, 75 = 5*i - 5*g. Calculate the remainder when i is divided by 8.
7
Let q(h) = 4*h - 1. Let s be q(1). What is the remainder when (-9)/(-3 - (-6)/s) is divided by 5?
4
Let d(x) = 3*x - 4. Let y(f) = -1. Let z(w) = d(w) - 6*y(w). What is the remainder when 26 is divided by z(4)?
12
Suppose -4*n = -2*w - 34, 0*n + 5*n + w - 32 = 0. Let l be -2*(21/2 + -2). Let a = l + 37. What is the remainder when a is divided by n?
6
Let a be (-2)/(-4)*2*-7. Let n(h) = h**3 + 7*h**2 + 2*h - 8. Let j be n(a). Calculate the remainder when 32 is divided by (j/6)/(6/(-18)).
10
Let u(j) = j**3 + 3*j**2 - 4*j + 4. Calculate the remainder when 44 is divided by u(2).
12
Let v(u) = 19*u**2 - 1. Let i be v(1). Calculate the remainder when 8 is divided by -3*(-2)/i*15.
3
Suppose 44 = 3*k + 2*k + h, 4*k = -5*h + 52. What is the remainder when k is divided by 3?
2
Suppose 0 = 2*h - 0*h - 24. Calculate the remainder when h is divided by 5.
2
Let q(u) = -5*u + 5. What is the remainder when q(-9) is divided by 26?
24
Let u be (3/(-3))/(1/(-2)). Let o = u - -